{"id":84,"date":"2022-10-07T21:14:13","date_gmt":"2022-10-07T19:14:13","guid":{"rendered":"https:\/\/bobathbobas.pl\/sklep\/?post_type=product&#038;p=84"},"modified":"2025-10-07T17:42:42","modified_gmt":"2025-10-07T15:42:42","slug":"aplikator-wieloiglowy-lyapko-rumianek-m","status":"publish","type":"product","link":"https:\/\/bobathbobas.pl\/sklep\/produkt\/aplikator-wieloiglowy-lyapko-rumianek-m\/","title":{"rendered":"Aplikator wieloig\u0142owy Lyapko \u201eRumianek M\u201d"},"content":{"rendered":"<p><b>ZASTOSOWANIE TERAPEUTYCZNE:<\/b><\/p>\n<p><b>Aplikator wieloig\u0142owy Lyapko \u201eRumianek M\u201d<\/b><span style=\"font-weight: 400;\"> jest aplikatorem uniwersalnym. Jego cechy charakterystyczne \u2013 to niezwyk\u0142y kszta\u0142t, wielka powierzchnia oddzia\u0142ywania, ruchome p\u0142atki i posiadane mocowania. Wszystko to zapewnia podwy\u017cszon\u0105 <\/span><a href=\"https:\/\/lyapko.pl\/zastosowanie\/mozliwosci-aplikatorow-lyapko\/\"><span style=\"font-weight: 400;\">efektywno\u015b\u0107 lecznicz\u0105<\/span><\/a><span style=\"font-weight: 400;\"> aplikatora. Mo\u017cna go stosowa\u0107 na plecy, ramiona, klatk\u0119 piersiow\u0105, obszar kr\u0119gos\u0142upa, odcinek krzy\u017cowo-l\u0119d\u017awiowy, mo\u017cna te\u017c na niego wygodnie k\u0142a\u015b\u0107 si\u0119 brzuchem.<\/span><\/p>\n<p><b>Rumianek M<\/b><span style=\"font-weight: 400;\">\u00a0mo\u017cna stosowa\u0107 te\u017c skutecznie na du\u017ce stawy, poniewa\u017c, dopasowuje si\u0119 on do kszta\u0142tu cia\u0142a i maksymalnie styka si\u0119 ze sk\u00f3r\u0105. Idealny do masa\u017cu g\u0142owy \u2013 w celu poprawy koncentracji, pobudzania kr\u0105\u017cenia<\/span><span style=\"font-weight: 400;\"><br \/>\n<\/span><span style=\"font-weight: 400;\">krwi czy wzmacniania cebulek w\u0142os\u00f3w. Regulacja aplikatora przy pomocy elastycznych pask\u00f3w na strefy du\u017cych staw\u00f3w, klatki piersiowej, l\u0119d\u017awi, brzucha daje mo\u017cliwo\u015b\u0107 wykonywania ruch\u00f3w podczas zabiegu.<\/span><\/p>\n<p><b>ZASTOSOWANIE KOSMETOLOGICZNE:<\/b><\/p>\n<p><span style=\"font-weight: 400;\">Aplikator wieloig\u0142owy Lyapko Rumianek M\u00a0jest doskona\u0142ym narz\u0119dziem w walce z oty\u0142o\u015bci\u0105 i <\/span><a href=\"https:\/\/www.zdrowolandia.pl\/kategoria\/antycellulit\"><span style=\"font-weight: 400;\">cellulitem<\/span><\/a><span style=\"font-weight: 400;\">. K\u0142ad\u0105c si\u0119 na nim brzuchem lub mocuj\u0105c go przy pomocy pas\u00f3w na okolic\u0119 brzucha mo\u017cna wykonywa\u0107 zabiegi wyszczuplaj\u0105ce i uj\u0119drniaj\u0105ce. Mocowany na przyk\u0142ad na okolice po\u015bladk\u00f3w skutecznie radzi sobie z cellulitem.<\/span><\/p>\n<p><span style=\"font-weight: 400;\">Kolor jest wysy\u0142any losowo.<\/span><\/p>\n","protected":false},"excerpt":{"rendered":"<p>ZASTOSOWANIE TERAPEUTYCZNE: Aplikator wieloig\u0142owy Lyapko \u201eRumianek M\u201d jest aplikatorem uniwersalnym. Jego cechy charakterystyczne \u2013 to niezwyk\u0142y kszta\u0142t, wielka powierzchnia oddzia\u0142ywania, ruchome p\u0142atki i posiadane mocowania. Wszystko to zapewnia podwy\u017cszon\u0105 efektywno\u015b\u0107 [&hellip;]<\/p>\n","protected":false},"featured_media":92,"comment_status":"open","ping_status":"closed","template":"","meta":[],"product_brand":[],"product_cat":[18],"product_tag":[],"class_list":{"0":"post-84","1":"product","2":"type-product","3":"status-publish","4":"has-post-thumbnail","6":"product_cat-akcesoria","8":"first","9":"outofstock","10":"shipping-taxable","11":"purchasable","12":"product-type-simple"},"_links":{"self":[{"href":"https:\/\/bobathbobas.pl\/sklep\/wp-json\/wp\/v2\/product\/84","targetHints":{"allow":["GET"]}}],"collection":[{"href":"https:\/\/bobathbobas.pl\/sklep\/wp-json\/wp\/v2\/product"}],"about":[{"href":"https:\/\/bobathbobas.pl\/sklep\/wp-json\/wp\/v2\/types\/product"}],"replies":[{"embeddable":true,"href":"https:\/\/bobathbobas.pl\/sklep\/wp-json\/wp\/v2\/comments?post=84"}],"wp:featuredmedia":[{"embeddable":true,"href":"https:\/\/bobathbobas.pl\/sklep\/wp-json\/wp\/v2\/media\/92"}],"wp:attachment":[{"href":"https:\/\/bobathbobas.pl\/sklep\/wp-json\/wp\/v2\/media?parent=84"}],"wp:term":[{"taxonomy":"product_brand","embeddable":true,"href":"https:\/\/bobathbobas.pl\/sklep\/wp-json\/wp\/v2\/product_brand?post=84"},{"taxonomy":"product_cat","embeddable":true,"href":"https:\/\/bobathbobas.pl\/sklep\/wp-json\/wp\/v2\/product_cat?post=84"},{"taxonomy":"product_tag","embeddable":true,"href":"https:\/\/bobathbobas.pl\/sklep\/wp-json\/wp\/v2\/product_tag?post=84"}],"curies":[{"name":"wp","href":"https:\/\/api.w.org\/{rel}","templated":true}]}}