{"id":76,"date":"2022-10-07T20:48:35","date_gmt":"2022-10-07T18:48:35","guid":{"rendered":"https:\/\/bobathbobas.pl\/sklep\/?post_type=product&#038;p=76"},"modified":"2026-03-31T16:05:56","modified_gmt":"2026-03-31T14:05:56","slug":"aplikator-wieloiglowy-lyapko-mata-duza-70","status":"publish","type":"product","link":"https:\/\/bobathbobas.pl\/sklep\/produkt\/aplikator-wieloiglowy-lyapko-mata-duza-70\/","title":{"rendered":"Aplikator wieloig\u0142owy Lyapko \u201eMata Du\u017ca\u201d 7,0"},"content":{"rendered":"<p>Charakterystyczn\u0105 w\u0142a\u015bciwo\u015bci\u0105 aplikatora wieloig\u0142owego Lyapko \u201eMata du\u017ca\u201d 7,0 jest du\u017ca powierzchnia oddzia\u0142ywania, dzi\u0119ki czemu posiada ona podwy\u017cszon\u0105 efektywno\u015b\u0107 terapeutyczn\u0105.<\/p>\n<p>Jest to du\u017ca wieloig\u0142owa mata rehabilitacyjna Lyapko, dlatego zaleca si\u0119 j\u0105 stosowa\u0107 do du\u017cych powierzchni cia\u0142a. Sprawdza si\u0119 doskonale w zabiegach na plecy i brzuch. Zabiegi, kt\u00f3re mo\u017cna wykonywa\u0107 z wykorzystaniem tak du\u017cej maty Lyapko s\u0105 zabiegami kompleksowymi. Bez w\u0105tpienia mata ta charakteryzuje si\u0119 bardzo wysok\u0105 efektywno\u015bci\u0105 w terapii chor\u00f3b oraz uszkodze\u0144 aparatu ruchowego. Przy jej pomocy mo\u017cemy wykonywa\u0107 zabiegi terapeutyczne m.in. w przypadku objaw\u00f3w rwy (kulszowej, barkowej, udowej). Mata du\u017ca 7,0 do doskona\u0142e narz\u0119dzie terapeutyczne w przypadku dyskopatii, wypuklin i przepuklin kr\u0105\u017cka mi\u0119dzykr\u0119gowego. Stanowi nieocenion\u0105 pomoc w rehabilitacji os\u00f3b zmagaj\u0105cych si\u0119 ze zmianami zwyrodnieniowymi, stanami pourazowymi, mi\u0119\u015bniob\u00f3lami czy skrzywieniami kr\u0119gos\u0142upa.<\/p>\n<p>Mat\u0119 7,0 mo\u017cemy te\u017c stosowa\u0107 jako terapeutyczny dywanik do zabieg\u00f3w refleksologicznych na stopy. Masa\u017c taki nale\u017cy wykonywa\u0107 w pozycji siedz\u0105cej. Zabiegi refleksologiczne wp\u0142ywaj\u0105 na popraw\u0119 funkcjonowania narz\u0105d\u00f3w i uk\u0142ad\u00f3w wewn\u0119trznych. Doskonale te\u017c pobudzaj\u0105 kr\u0105\u017cenie krwi.<\/p>\n<p>Stosowanie Maty du\u017cej Lyapko do masa\u017cu brzucha sprawdza si\u0119 w profilaktyce i w kompleksowej terapii chor\u00f3b uk\u0142adu trawienia. Pomaga w walce z zaparciami, kolka jelitow\u0105, dyskinez\u0105 dr\u00f3g \u017c\u00f3\u0142ciowych czy oty\u0142o\u015bci\u0105. \u201eMata du\u017ca\u201d 7,0 dr Lyapko dzi\u0119ki swym ogromnym mo\u017cliwo\u015bci\u0105 terapeutycznym i rehabilitacyjnym kwalifikuje si\u0119 w czo\u0142\u00f3wce wszystkich aplikator\u00f3w-mat Lyapko.<br \/>\nPrzy tak du\u017cej macie Lyapko, wa\u017cnym warunkiem pomy\u015blnego leczenia i braku odczu\u0107 dyskomfortu jest poprawne uk\u0142adanie si\u0119 na niej. Dzi\u0119ki temu, wzgl\u0119dne \u2013 niewygodne odczucia pierwszych kilku minut, przechodz\u0105 w odczucia przyjemnego ciep\u0142a. Zaczynamy najcz\u0119\u015bciej odczuwa\u0107 przyjemne wibracje lub pulsacje. A ca\u0142y zabieg cz\u0119sto ko\u0144czy si\u0119 pe\u0142nowarto\u015bciowym zdrowym snem. Nale\u017cy pami\u0119ta\u0107 aby pod mat\u0119 w miejscach zgi\u0119cia odcink\u00f3w kr\u0119gos\u0142upa l\u0119d\u017awiowego i szyjnego przed rozpocz\u0119ciem zabiegu, pod\u0142o\u017cy\u0107 skr\u0119cone w wa\u0142ki niedu\u017ce r\u0119czniki frotowe lub niedu\u017ce poduszeczki.<\/p>\n<p>Przy dyskomforcie odczuwalnym w przeci\u0105gu 10-15 minut, aplikator nale\u017cy stosowa\u0107 ponownie najlepiej w dniu nast\u0119pnym. Przyczynami odczu\u0107 dyskomfortu mog\u0105 by\u0107: nieprawid\u0142owe u\u0142o\u017cenie aplikatora, tzn. nier\u00f3wnomierno\u015b\u0107 obci\u0105\u017cenia na ig\u0142y. W celu usuni\u0119cia odczu\u0107 dyskomfortu nale\u017cy unie\u015b\u0107 si\u0119 nad aplikatorem i <a href=\"https:\/\/lyapko.pl\/zastosowanie\/jak-pracowac-z-aplikatorami-lyapko\/\">po\u0142o\u017cy\u0107 si\u0119<\/a> na nim ponownie, podk\u0142adaj\u0105c wcze\u015bniej pod stawy kolanowe mi\u0119kki wa\u0142ek. Czas seansu, czyli czas oddzia\u0142ywania na sk\u00f3r\u0119 aplikatora (le\u017cenia na nim), ma \u015bcis\u0142y zwi\u0105zek z otrzymaniem po\u017c\u0105danego (wymaganego) efektu:<\/p>\n<ul>\n<li>w celu tonizowania, znieczulenia przy ostrych b\u00f3lach, dla podwy\u017cszenia wydolno\u015bci i<br \/>\nci\u015bnienia t\u0119tniczego przy hipotonii \u2013 ok. 7-10 minut;<\/li>\n<\/ul>\n<ul>\n<li>w celu os\u0142abienia, b\u0105d\u017a nawet usuni\u0119cia d\u0142ugotrwa\u0142ych chronicznych b\u00f3l\u00f3w, obni\u017cenia<br \/>\nci\u015bnienia t\u0119tniczego, efektu relaksacyjnego i usypiaj\u0105cego \u2013 ok. 15-30 minut i d\u0142u\u017cej.<\/li>\n<\/ul>\n<p>Ka\u017cdy cz\u0142owiek posiada inn\u0105 wra\u017cliwo\u015b\u0107 sk\u00f3ry, dlatego czas oddzia\u0142ywania aplikatorem dla ka\u017cdej z os\u00f3b b\u0119dzie r\u00f3\u017cny. Wyznacznikiem momentu zako\u0144czenia zabiegu, szczeg\u00f3lnie przy stosowaniu aplikatora wieloig\u0142owego w celu rozlu\u017anienia czy usuni\u0119cia d\u0142ugotrwa\u0142ych chronicznych b\u00f3l\u00f3w, b\u0119dzie przenikaj\u0105ce ciep\u0142o w miejscu aplikacji oraz pojawiaj\u0105ce si\u0119 stopniowo odczucie dyskomfortu. Niekt\u00f3re osoby mog\u0105 wykonywa\u0107 zabieg nawet w przeci\u0105gu 2 godzin.<\/p>\n<p>Zalecany czas terapii (systematycznych codziennych zabieg\u00f3w) \u2013 to 1-2 tygodnie. Mo\u017cna j\u0105 powt\u00f3rzy\u0107 po 10-14 dniowej przerwie. W praktyce, stosuj\u0105c codziennie aplikator, w przeci\u0105gu kilku miesi\u0119cy, mo\u017cna liczy\u0107 na trwa\u0142\u0105 popraw\u0119 samopoczucia, usuni\u0119cia chronicznych b\u00f3l\u00f3w, <a href=\"https:\/\/www.zdrowolandia.pl\/kategoria\/antycellulit\">obni\u017cenie wagi<\/a>, podwy\u017cszenie \u017cyciowego wigoru i wydolno\u015bci organizmu.<br \/>\nKolor maty jest wysy\u0142any losowo.<\/p>\n","protected":false},"excerpt":{"rendered":"<p>Charakterystyczn\u0105 w\u0142a\u015bciwo\u015bci\u0105 aplikatora wieloig\u0142owego Lyapko \u201eMata du\u017ca\u201d 7,0 jest du\u017ca powierzchnia oddzia\u0142ywania, dzi\u0119ki czemu posiada ona podwy\u017cszon\u0105 efektywno\u015b\u0107 terapeutyczn\u0105. Jest to du\u017ca wieloig\u0142owa mata rehabilitacyjna Lyapko, dlatego zaleca si\u0119 j\u0105 [&hellip;]<\/p>\n","protected":false},"featured_media":96,"comment_status":"open","ping_status":"closed","template":"","meta":[],"product_brand":[],"product_cat":[18],"product_tag":[],"class_list":{"0":"post-76","1":"product","2":"type-product","3":"status-publish","4":"has-post-thumbnail","6":"product_cat-akcesoria","8":"first","9":"outofstock","10":"shipping-taxable","11":"purchasable","12":"product-type-simple"},"_links":{"self":[{"href":"https:\/\/bobathbobas.pl\/sklep\/wp-json\/wp\/v2\/product\/76","targetHints":{"allow":["GET"]}}],"collection":[{"href":"https:\/\/bobathbobas.pl\/sklep\/wp-json\/wp\/v2\/product"}],"about":[{"href":"https:\/\/bobathbobas.pl\/sklep\/wp-json\/wp\/v2\/types\/product"}],"replies":[{"embeddable":true,"href":"https:\/\/bobathbobas.pl\/sklep\/wp-json\/wp\/v2\/comments?post=76"}],"wp:featuredmedia":[{"embeddable":true,"href":"https:\/\/bobathbobas.pl\/sklep\/wp-json\/wp\/v2\/media\/96"}],"wp:attachment":[{"href":"https:\/\/bobathbobas.pl\/sklep\/wp-json\/wp\/v2\/media?parent=76"}],"wp:term":[{"taxonomy":"product_brand","embeddable":true,"href":"https:\/\/bobathbobas.pl\/sklep\/wp-json\/wp\/v2\/product_brand?post=76"},{"taxonomy":"product_cat","embeddable":true,"href":"https:\/\/bobathbobas.pl\/sklep\/wp-json\/wp\/v2\/product_cat?post=76"},{"taxonomy":"product_tag","embeddable":true,"href":"https:\/\/bobathbobas.pl\/sklep\/wp-json\/wp\/v2\/product_tag?post=76"}],"curies":[{"name":"wp","href":"https:\/\/api.w.org\/{rel}","templated":true}]}}