{"id":163,"date":"2023-02-08T17:43:44","date_gmt":"2023-02-08T16:43:44","guid":{"rendered":"https:\/\/bobathbobas.pl\/sklep\/?post_type=product&#038;p=163"},"modified":"2024-12-27T15:43:37","modified_gmt":"2024-12-27T14:43:37","slug":"kolka-mini-kurs","status":"publish","type":"product","link":"https:\/\/bobathbobas.pl\/sklep\/produkt\/kolka-mini-kurs\/","title":{"rendered":"KOLKA  &#8211; mini KURS"},"content":{"rendered":"<blockquote>\n<div>\n<div dir=\"ltr\">\n<div dir=\"ltr\">\n<div dir=\"ltr\">\n<div dir=\"ltr\">\n<div dir=\"ltr\">\n<div>\n<div><strong>KOLKA NOWORODK\u00d3W lub NIEMOWL\u0104T<\/strong> sp\u0119dza sen z powiek wielu RODZICOM. Bardzo chci\u0119liby pom\u00f3c swojemu Male\u0144stwu i ukoi\u0107 b\u00f3l brzuszka, ale czuj\u0105 si\u0119 bezradni. Maluszek cierpi, chcia\u0142by w spokoju zasn\u0105\u0107, aczkolwiek dyskomfort brzucha na to nie pozwala.<\/div>\n<div><\/div>\n<h3>Jakie mog\u0105 by\u0107 objawy KOLKI? Mo\u017cna zada\u0107 sobie poni\u017csze pytania.<\/h3>\n<div><\/div>\n<div>Twoje dziecko pr\u0119\u017cy si\u0119 i wygina? Jest bardzo niespokojne i cz\u0119sto p\u0142acze? Brzuszek jest twardy? Niespokojnie \u015bpi? \u0141atwo wybudza si\u0119 ze snu? Trudno Je ukoi\u0107? Cz\u0119sto ulewa mlekiem? Zaczyna p\u0142aka\u0107 nagle i g\u0142o\u015bno, mimo \u017ce nic dooko\u0142a je nie przestraszy\u0142o?<\/div>\n<div><\/div>\n<div>To mog\u0105 by\u0107 objawy KOLKI. <strong>W miniKURSIE\u00a0zobaczysz, jakie \u0107wiczenia z Dzieckiem zalecam jako fizjoterapeuta pediatryczny, aby pom\u00f3c przetrwa\u0107\u00a0 KOLK\u0118.<\/strong><\/div>\n<div><\/div>\n<\/div>\n<div><strong>Przedstawiam konkretne NARZ\u0118DZIA &#8211; \u0106WICZENIA, kt\u00f3rych ka\u017cdy Rodzic b\u0119dzie m\u00f3g\u0142 u\u017cy\u0107 z powodzeniem.<\/strong><\/div>\n<div><\/div>\n<div>Kurs zawiera \u0107wiczenia w r\u00f3\u017cnych pozycjach oraz praktyczne wskaz\u00f3wki .<\/div>\n<div><\/div>\n<div>Serdecznie zapraszam.<\/div>\n<div><i>\u00a0<\/i><\/div>\n<div><i>fizjoterapeuta Ma\u0142gorzata Marciniak<\/i><\/div>\n<div><i>\u00a0<\/i><\/div>\n<div><i>\u00a0<\/i><\/div>\n<div><u>Dokonanie zakupu Produktu Cyfrowego jest r\u00f3wnoznaczne z wyra\u017ceniem zgody na jego przes\u0142anie. Po dokonaniu p\u0142atno\u015bci zostanie przes\u0142any link z dost\u0119pem do kursu.\u00a0<\/u><\/div>\n<div><u>Dost\u0119p do kursu jest bezterminowy.\u00a0<\/u><\/div>\n<\/div>\n<\/div>\n<\/div>\n<\/div>\n<\/div>\n<\/div>\n<\/blockquote>\n","protected":false},"excerpt":{"rendered":"<p>KOLKA NOWORODK\u00d3W lub NIEMOWL\u0104T sp\u0119dza sen z powiek wielu RODZICOM. Bardzo chci\u0119liby pom\u00f3c swojemu Male\u0144stwu i ukoi\u0107 b\u00f3l brzuszka, ale czuj\u0105 si\u0119 bezradni. Maluszek cierpi, chcia\u0142by w spokoju zasn\u0105\u0107, aczkolwiek [&hellip;]<\/p>\n","protected":false},"featured_media":179,"comment_status":"open","ping_status":"closed","template":"","meta":[],"product_brand":[],"product_cat":[19],"product_tag":[],"class_list":{"0":"post-163","1":"product","2":"type-product","3":"status-publish","4":"has-post-thumbnail","6":"product_cat-szkolenia","8":"first","9":"instock","10":"downloadable","11":"virtual","12":"purchasable","13":"product-type-simple"},"_links":{"self":[{"href":"https:\/\/bobathbobas.pl\/sklep\/wp-json\/wp\/v2\/product\/163","targetHints":{"allow":["GET"]}}],"collection":[{"href":"https:\/\/bobathbobas.pl\/sklep\/wp-json\/wp\/v2\/product"}],"about":[{"href":"https:\/\/bobathbobas.pl\/sklep\/wp-json\/wp\/v2\/types\/product"}],"replies":[{"embeddable":true,"href":"https:\/\/bobathbobas.pl\/sklep\/wp-json\/wp\/v2\/comments?post=163"}],"wp:featuredmedia":[{"embeddable":true,"href":"https:\/\/bobathbobas.pl\/sklep\/wp-json\/wp\/v2\/media\/179"}],"wp:attachment":[{"href":"https:\/\/bobathbobas.pl\/sklep\/wp-json\/wp\/v2\/media?parent=163"}],"wp:term":[{"taxonomy":"product_brand","embeddable":true,"href":"https:\/\/bobathbobas.pl\/sklep\/wp-json\/wp\/v2\/product_brand?post=163"},{"taxonomy":"product_cat","embeddable":true,"href":"https:\/\/bobathbobas.pl\/sklep\/wp-json\/wp\/v2\/product_cat?post=163"},{"taxonomy":"product_tag","embeddable":true,"href":"https:\/\/bobathbobas.pl\/sklep\/wp-json\/wp\/v2\/product_tag?post=163"}],"curies":[{"name":"wp","href":"https:\/\/api.w.org\/{rel}","templated":true}]}}